{"id":19826,"date":"2023-12-01T03:54:36","date_gmt":"2023-12-01T06:54:36","guid":{"rendered":"https:\/\/atomoead.com.br\/matricula\/?post_type=product&#038;p=19826"},"modified":"2026-04-02T07:06:24","modified_gmt":"2026-04-02T10:06:24","slug":"curso-do-cefet-coltec-mg","status":"publish","type":"product","link":"https:\/\/atomoead.com.br\/matricula\/product\/curso-do-cefet-coltec-mg\/","title":{"rendered":"CURSO DO CEFET-MG E COLTEC-MG 2026"},"content":{"rendered":"\r\n<p>O curso do CEFET-MG\/COLTEC-MG 9\u00b0 Ano 2026 online do Atomoead certamente possibilita aos alunos estrat\u00e9gias diferenciadas e pr\u00e1ticas de aprendizagem para prepar\u00e1-los a conquista da t\u00e3o sonhada vaga.<\/p>\r\n\r\n\r\n\r\n<p><strong>Objetivos<\/strong><\/p>\r\n\r\n\r\n\r\n<p>Sobretudo o objetivo desse curso preparat\u00f3rio para o CEFET-MG\/COLTEC-MG\u00a0 9\u00b0 ano \u00e9 o de preparar jovens, entre 13 e 16 anos, que estejam cursando o 9\u00ba ano do Ensino Fundamental, ou que j\u00e1 tenham conclu\u00eddo o Ensino Fundamental, para o\u00a0 processo seletivo do curso do CEFET-MG e COLTEC-MG. S\u00e3o oferecidos cursos de forma\u00e7\u00e3o profissional t\u00e9cnica integrada com o Ensino M\u00e9dio. Ao concluir o curso, al\u00e9m do Ensino M\u00e9dio, o aluno estar\u00e1 apto a ingressar no mercado de trabalho podendo optar por diversas profiss\u00f5es.<\/p>\r\n\r\n\r\n\r\n<p><strong>Diferenciais<\/strong><\/p>\r\n\r\n\r\n\r\n<p>Prepara\u00e7\u00e3o personalizada e individualizada. As atividades de cada aluno todavia s\u00e3o acompanhadas por professores e especialistas em educa\u00e7\u00e3o que respeitam o desenvolvimento e o o ritmo de cada um no processo de aprendizagem.<\/p>\r\n\r\n\r\n\r\n\r\n\r\n<p><b>In\u00edcio:<\/b><span> 30\/04\/26 &#8211; <\/span><b>Termino:<\/b><span> 30\/11\/26 (Acesso at\u00e9 v\u00e9spera da prova)<\/span><\/p>\r\n\r\n\r\n\r\n<p><strong>Mercado de Trabalho<\/strong><\/p>\r\n\r\n\r\n\r\n<p>Os cursos t\u00e9cnicos s\u00e3o reconhecidos pelo MEC, o que os validam no mercado de trabalho como diferenciais no curr\u00edculo. Vale apontar que, como consequ\u00eancia, os alunos podem se formar em um curso t\u00e9cnico ainda enquanto est\u00e3o no Ensino M\u00e9dio, com uma capacita\u00e7\u00e3o na sua \u00e1rea de interesse. \u00c9 uma maneira conveniente de tornar a busca pelo primeiro emprego mais pr\u00e1tica e eficiente, pois logo ao sair do col\u00e9gio, voc\u00ea j\u00e1 pode ingressar em alguma profiss\u00e3o mais voltada para o seu universo de interesse.<\/p>\r\n\r\n\r\n\r\n<p>De fato este \u00e9 considerado um dos grandes diferenciais do curso t\u00e9cnico: a prepara\u00e7\u00e3o antecipada daquilo que o mercado procura de seus profissionais. Imagine chegar \u00e0 uma universidade j\u00e1 com conhecimentos pr\u00e1ticos e tamb\u00e9m com experi\u00eancia profissional?<\/p>","protected":false},"excerpt":{"rendered":"<p><strong>Curso do CEFET-MG\/COLTEC-MG 9\u00b0 ANO Completo + Material Digital<br \/><b><\/b><\/strong><\/p>\n<p><strong><b>In\u00edcio:<\/b><span> 30\/04\/26 &#8211; <\/span><b>Termino:<\/b><span> 30\/11\/26 (Acesso at\u00e9 v\u00e9spera da prova)<\/span><\/strong><\/p>\n","protected":false},"featured_media":20364,"comment_status":"open","ping_status":"closed","template":"","meta":[],"product_brand":[],"product_cat":[107,67,64],"product_tag":[70,113,71,72],"class_list":{"0":"post-19826","1":"product","2":"type-product","3":"status-publish","4":"has-post-thumbnail","6":"product_cat-9-ano-cefet-mg","7":"product_cat-cefet-mg","8":"product_cat-cursos-preparatorios","9":"product_tag-cefet-mg","10":"product_tag-curso-do-cefet-mg","11":"product_tag-materialcefet-mg","12":"product_tag-preparatoriocefet-mg","14":"first","15":"instock","16":"sale","17":"shipping-taxable","18":"purchasable","19":"product-type-simple"},"_links":{"self":[{"href":"https:\/\/atomoead.com.br\/matricula\/wp-json\/wp\/v2\/product\/19826","targetHints":{"allow":["GET"]}}],"collection":[{"href":"https:\/\/atomoead.com.br\/matricula\/wp-json\/wp\/v2\/product"}],"about":[{"href":"https:\/\/atomoead.com.br\/matricula\/wp-json\/wp\/v2\/types\/product"}],"replies":[{"embeddable":true,"href":"https:\/\/atomoead.com.br\/matricula\/wp-json\/wp\/v2\/comments?post=19826"}],"wp:featuredmedia":[{"embeddable":true,"href":"https:\/\/atomoead.com.br\/matricula\/wp-json\/wp\/v2\/media\/20364"}],"wp:attachment":[{"href":"https:\/\/atomoead.com.br\/matricula\/wp-json\/wp\/v2\/media?parent=19826"}],"wp:term":[{"taxonomy":"product_brand","embeddable":true,"href":"https:\/\/atomoead.com.br\/matricula\/wp-json\/wp\/v2\/product_brand?post=19826"},{"taxonomy":"product_cat","embeddable":true,"href":"https:\/\/atomoead.com.br\/matricula\/wp-json\/wp\/v2\/product_cat?post=19826"},{"taxonomy":"product_tag","embeddable":true,"href":"https:\/\/atomoead.com.br\/matricula\/wp-json\/wp\/v2\/product_tag?post=19826"}],"curies":[{"name":"wp","href":"https:\/\/api.w.org\/{rel}","templated":true}]}}